26?
12
Calculate the remainder when 192 is divided by 4.
0
What is the remainder when 7589 is divided by 146?
143
Calculate the remainder when 688 is divided by 63.
58
Calculate the remainder when 24242 is divided by 209.
207
What is the remainder when 95 is divided by 23?
3
What is the remainder when 126 is divided by 13?
9
What is the remainder when 246 is divided by 33?
15
What is the remainder when 261 is divided by 24?
21
What is the remainder when 6658 is divided by 238?
232
What is the remainder when 3668 is divided by 216?
212
Calculate the remainder when 180 is divided by 87.
6
Calculate the remainder when 526 is divided by 88.
86
What is the remainder when 218 is divided by 115?
103
What is the remainder when 318 is divided by 11?
10
What is the remainder when 182 is divided by 116?
66
What is the remainder when 4073 is divided by 15?
8
What is the remainder when 4381 is divided by 51?
46
Calculate the remainder when 67 is divided by 19.
10
Calculate the remainder when 522 is divided by 77.
60
Calculate the remainder when 2243 is divided by 11.
10
What is the remainder when 1088 is divided by 27?
8
What is the remainder when 64 is divided by 13?
12
Calculate the remainder when 176 is divided by 38.
24
Calculate the remainder when 135 is divided by 14.
9
What is the remainder when 66 is divided by 29?
8
Calculate the remainder when 283 is divided by 52.
23
Calculate the remainder when 66 is divided by 30.
6
Calculate the remainder when 1278 is divided by 46.
36
What is the remainder when 6379 is divided by 2121?
16
Calculate the remainder when 130 is divided by 120.
10
What is the remainder when 172 is divided by 37?
24
Calculate the remainder when 159 is divided by 24.
15
Calculate the remainder when 180 is divided by 78.
24
Calculate the remainder when 193 is divided by 11.
6
What is the remainder when 206 is divided by 198?
8
What is the remainder when 318 is divided by 14?
10
What is the remainder when 53 is divided by 14?
11
Calculate the remainder when 56 is divided by 7.
0
Calculate the remainder when 235 is divided by 4.
3
Calculate the remainder when 14390 is divided by 117.
116
Calculate the remainder when 888 is divided by 293.
9
What is the remainder when 17016 is divided by 134?
132
Calculate the remainder when 69 is divided by 38.
31
Calculate the remainder when 2327 is divided by 137.
135
What is the remainder when 646 is divided by 8?
6
Calculate the remainder when 461 is divided by 77.
76
Calculate the remainder when 226 is divided by 114.
112
Calculate the remainder when 12949 is divided by 70.
69
What is the remainder when 806 is divided by 105?
71
Calculate the remainder when 298 is divided by 10.
8
Calculate the remainder when 105 is divided by 50.
5
What is the remainder when 2158 is divided by 45?
43
Calculate the remainder when 1509 is divided by 72.
69
What is the remainder when 307 is divided by 105?
97
Calculate the remainder when 62 is divided by 61.
1
Calculate the remainder when 918 is divided by 22.
16
What is the remainder when 299 is divided by 34?
27
Calculate the remainder when 75 is divided by 7.
5
Calculate the remainder when 319 is divided by 80.
79
Calculate the remainder when 740 is divided by 71.
30
What is the remainder when 133 is divided by 32?
5
What is the remainder when 107 is divided by 33?
8
What is the remainder when 57 is divided by 3?
0
Calculate the remainder when 294 is divided by 23.
18
What is the remainder when 397 is divided by 19?
17
Calculate the remainder when 855 is divided by 39.
36
Calculate the remainder when 248 is divided by 55.
28
Calculate the remainder when 78 is divided by 35.
8
Calculate the remainder when 549 is divided by 25.
24
Calculate the remainder when 149 is divided by 52.
45
Calculate the remainder when 130 is divided by 32.
2
What is the remainder when 154 is divided by 48?
10
What is the remainder when 192 is divided by 4?
0
What is the remainder when 39 is divided by 14?
11
What is the remainder when 40834 is divided by 332?
330
Calculate the remainder when 2036 is divided by 1001.
34
What is the remainder when 1379 is divided by 54?
29
Calculate the remainder when 1366 is divided by 10.
6
What is the remainder when 91 is divided by 36?
19
What is the remainder when 1807 is divided by 152?
135
What is the remainder when 621 is divided by 105?
96
What is the remainder when 24509 is divided by 19?
18
What is the remainder when 260 is divided by 84?
8
What is the remainder when 1925 is divided by 47?
45
Calculate the remainder when 83 is divided by 7.
6
Calculate the remainder when 1002 is divided by 63.
57
What is the remainder when 621 is divided by 89?
87
Calculate the remainder when 82 is divided by 30.
22
Calculate the remainder when 2037 is divided by 4.
1
What is the remainder when 235 is divided by 110?
15
Calculate the remainder when 52 is divided by 43.
9
What is the remainder when 387 is divided by 116?
39
What is the remainder when 366 is divided by 123?
120
What is the remainder when 28 is divided by 16?
12
What is the remainder when 1092 is divided by 535?
22
Calculate the remainder when 726 is divided by 48.
6
Calculate the remainder when 6 is divided by 5.
1
Calculate the remainder when 942 is divided by 86.
82
What is the remainder when 153 is divided by 84?
69
What is the remainder when 74 is divided by 15?
14
Calculate the remainder when 200 is divided by 101.
99
What is the remainder when 83 is divided by 26?
5
What is the remainder when 11608 is divided by 270?
268
What is the remainder when 2267 is divided by 71?
66
What is the remainder when 2669 is divided by 99?
95
What is the remainder when 422 is divided by 74?
52
What is the remainder when 78 is divided by 10?
8
Calculate the remainder when 30 is divided by 28.
2
What is the remainder when 16 is divided by 14?
2
Calculate the remainder when 128 is divided by 37.
17
What is the remainder when 116 is divided by 41?
34
What is the remainder when 320 is divided by 14?
12
What is the remainder when 1085 is divided by 34?
31
What is the remainder when 331 is divided by 115?
101
Calculate the remainder when 8590 is divided by 179.
177
What is the remainder when 140 is divided by 36?
32
What is the remainder when 101 is divided by 16?
5
What is the remainder when 272 is divided by 57?
44
What is the remainder when 9091 is divided by 28?
19
Calculate the remainder when 269 is divided by 5.
4
Calculate the remainder when 215 is divided by 196.
19
Calculate the remainder when 518 is divided by 52.
50
What is the remainder when 2655 is divided by 13?
3
What is the remainder when 429 is divided by 98?
37
Calculate the remainder when 560 is divided by 33.
32
Calculate the remainder when 3597 is divided by 4.
1
Calculate the remainder when 90 is divided by 3.
0
Calculate the remainder when 208 is divided by 46.
24
Calculate the remainder when 313 is divided by 28.
5
What is the remainder when 884 is divided by 51?
17
What is the remainder when 61 is divided by 28?
5
What is the remainder when 64 is divided by 13?
12
Calculate the remainder when 4320 is divided by 29.
28
What is the remainder when 36 is divided by 25?
11
What is the remainder when 254 is divided by 22?
12
Calculate the remainder when 572 is divided by 7.
5
What is the remainder when 191 is divided by 163?
28
What is the remainder when 2810 is divided by 112?
10
Calculate the remainder when 22397 is divided by 32.
29
Calculate the remainder when 955 is divided by 403.
149
Calculate the remainder when 132 is divided by 60.
12
Calculate the remainder when 84 is divided by 48.
36
Calculate the remainder when 155 is divided by 135.
20
What is the remainder when 137 is divided by 71?
66
Calculate the remainder when 117 is divided by 61.
56
What is the remainder when 82 is divided by 70?
12
What is the remainder when 160 is divided by 3?
1
Calculate the remainder when 1721 is divided by 286.
5
Calculate the remainder when 597 is divided by 15.
12
What is the remainder when 688 is divided by 27?
13
What is the remainder when 2433 is divided by 58?
55
What is the remainder when 386 is divided by 108?
62
Calculate the remainder when 311 is divided by 13.
12
Calculate the remainder when 1437 is divided by 359.
1
What is the remainde